0
Let s(u) = u**3 - 8*u**2 - 9*u + 6. Calculate s(9).
6
Let b(v) = -2*v**2 + 32*v - 35. Determine b(18).
-107
Let z(w) = -w**2 - w + 3. What is z(-3)?
-3
Let a(j) = 4*j**3 - 29*j**2 + 30*j - 170. Calculate a(7).
-9
Let q(l) = l**2 + 12*l + 33. Give q(-7).
-2
Let b(j) = 2*j - 18. What is b(8)?
-2
Let y(n) = 2*n**3 + 9*n**2 - 6*n - 3. Calculate y(-5).
2
Let r(i) = -i**2 - 11. Determine r(0).
-11
Let t(u) = -27*u**2 - 139*u - 16. Give t(-5).
4
Let l(o) = o - 2. Calculate l(9).
7
Let i(g) = g**2 + 16*g - 2. Give i(-15).
-17
Let d(q) = -4*q**3 + q**2. Calculate d(-2).
36
Let t(n) = -5*n**3 - 3*n**2 + 5*n + 5. What is t(-3)?
98
Let f(y) = -2*y**2 - 14*y + 3. Calculate f(-6).
15
Let n(g) = 2*g**2 + 12*g - 4. What is n(-6)?
-4
Let b(k) = -k**3 - 31*k**2 + 33*k + 41. Determine b(-32).
9
Let k(a) = -a**2 - 12*a - 32. Determine k(-10).
-12
Let f(d) = 9*d - 19. Give f(9).
62
Let v(f) = 3*f + 9. Calculate v(-8).
-15
Let y(h) = -h - 19. What is y(-18)?
-1
Let y(w) = w**3 - 6*w**2 - w + 7. Determine y(3).
-23
Let p(r) = r**3 + 4*r**2 - 11*r - 17. Give p(-7).
-87
Let p(w) = -w + 8. What is p(-10)?
18
Let d(c) = 13*c. Give d(2).
26
Let t(w) = w + 2. Give t(6).
8
Let c(n) = 20*n - 80. What is c(4)?
0
Let w(z) = -26*z + 53. Calculate w(3).
-25
Let o(b) = 3*b + 7. What is o(-8)?
-17
Let d(k) = -3*k**3 + k**2 + k. Determine d(-1).
3
Let o(l) = -l**2 + 8*l + 5. Determine o(10).
-15
Let j(v) = v**2 - 9*v - 7. What is j(6)?
-25
Let l(v) = 5*v - 1. What is l(-7)?
-36
Let o(q) = q**3 + 4*q**2 + 2*q + 6. What is o(-4)?
-2
Let o(i) = -4*i - 15. Calculate o(-5).
5
Let j(m) = -m**2 + 2*m - 25. What is j(0)?
-25
Let o(k) = k**3 + 5*k**2 + 5*k + 3. Determine o(-3).
6
Let x(y) = -y**2 - 9*y - 19. Give x(-4).
1
Let g(i) = i**3 + 14*i**2 + 14*i + 21. What is g(-13)?
8
Let x(j) = -j**2 + 26*j - 105. What is x(18)?
39
Let j(i) = -10*i - 16. Determine j(-3).
14
Let x(d) = d + 19. Determine x(0).
19
Let b(c) = -c**3 - c. Determine b(-2).
10
Let y(q) = -q**2 + 9*q - 8. What is y(7)?
6
Let x(m) = -m**3 + 9*m**2 - 15*m + 55. What is x(8)?
-1
Let z(i) = -i**3 + 12*i**2 - 27*i + 12. Give z(9).
12
Let h(i) = i**2 - 6*i - 8. Give h(7).
-1
Let l(v) = -2*v**3 - 2*v**2 + 2. Give l(2).
-22
Let n(i) = i**3 + 4*i**2 + 3*i - 10. What is n(-5)?
-50
Let n(v) = -2*v - 16. Determine n(-16).
16
Let j(c) = 3*c**2 + 7*c. Calculate j(-6).
66
Let n(w) = -w**3 - w**2 + 4*w - 4. Give n(2).
-8
Let x(k) = k**2 - 8*k - 10. What is x(10)?
10
Let b(j) = -j**2 - j + 2. Determine b(-2).
0
Let q(m) = -6*m + 53. Determine q(0).
53
Let g(u) = u**3 - u**2 - 2*u + 11. Give g(3).
23
Let h(z) = z**3 - 12*z**2 + 4*z - 44. Determine h(12).
4
Let u(c) = 39*c**3 + 2*c**2 + 2*c + 1. Calculate u(-1).
-38
Let l(h) = -2*h**2 + 55*h + 202. Determine l(31).
-15
Let g(t) = 3*t**3 + 6*t**2 + 4*t + 2. Give g(-2).
-6
Let c(k) = k - 37. Give c(-23).
-60
Let f(s) = 6*s - 1. Give f(-2).
-13
Let g(l) = -2*l**2 - 24*l - 62. Calculate g(-8).
2
Let r(j) = j + 21. Calculate r(-14).
7
Let w(c) = -4*c**3 + 3*c - 2. Calculate w(1).
-3
Let f(q) = 37*q**3 - q**2 + 2*q + 3. Give f(-1).
-37
Let w(k) = 4*k**2 + 9*k + 27. What is w(-5)?
82
Let g(r) = -3*r - 14. What is g(-4)?
-2
Let h(b) = -b - 63. What is h(0)?
-63
Let y(x) = -2*x + 84. Determine y(39).
6
Let k(g) = g**2 - 24*g + 43. Give k(19).
-52
Let a(s) = -s**2 - 6*s - 8. Give a(-5).
-3
Let q(p) = 92*p**2 - p. Calculate q(-1).
93
Let f(i) = i**2 + 9*i - 59. What is f(-14)?
11
Let z(t) = t**2 - 3*t - 2. What is z(5)?
8
Let o(a) = -2*a**2 + 36*a + 17. Determine o(15).
107
Let a(r) = r**2 - 8*r - 4. Determine a(7).
-11
Let n(c) = c**2 + 2. Give n(0).
2
Let q(v) = 6*v**3 + 22*v**2 - 12*v - 9. Calculate q(-4).
7
Let d(z) = -2*z**3 + 4*z**2 - z - 3. What is d(4)?
-71
Let a(n) = -3*n**2 - 18*n - 7. Give a(-6).
-7
Let n(d) = -2*d + 53. What is n(15)?
23
Let s(t) = -t**2 - 12*t + 11. Determine s(-13).
-2
Let g(z) = -z**3 - 3*z**2 + 4*z. Give g(3).
-42
Let u(i) = 72*i - 96. Calculate u(2).
48
Let v(h) = 21*h - 49. Determine v(3).
14
Let n(o) = o**2 + 19*o + 51. Give n(-3).
3
Let m(y) = 6*y + 36. Give m(-7).
-6
Let r(y) = y**2 - 12*y + 33. What is r(4)?
1
Let q(d) = 13*d**2 - 4*d + 5. What is q(1)?
14
Let n(g) = -71*g + 369. Give n(5).
14
Let m(j) = 3*j. Give m(18).
54
Let j(d) = -d**3 - 5*d + 5. What is j(2)?
-13
Let h(q) = 2*q**3 - 2*q**2 - 2*q + 3. What is h(2)?
7
Let j(p) = p**3 + 3*p**2 - 3. Give j(-4).
-19
Let w(f) = -8*f**2 - 197*f + 87. Give w(-25).
12
Let y(n) = -n**3 - 4*n**2 - 2*n - 9. Calculate y(-5).
26
Let t(l) = -l**2 - 6*l + 20. Give t(-9).
-7
Let v(f) = -7*f + 3. Give v(1).
-4
Let s(y) = -12*y + 1. Give s(-2).
25
Let m(i) = -20*i - 18. Calculate m(-1).
2
Let a(m) = 31*m**3 + m**2 + 22*m - 22. Determine a(1).
32
Let r(j) = -j**3 + 28*j**2 - j - 32. Calculate r(28).
-60
Let j(i) = -12*i + 18. Calculate j(1).
6
Let h(i) = i**3 + i**2 + 2*i + 36. Determine h(0).
36
Let k(u) = u**3 - 9*u**2 + 8*u + 8. Calculate k(8).
8
Let q(c) = -c**3 - 12*c**2 - 4. What is q(-12)?
-4
Let p(x) = 4*x - 19. What is p(0)?
-19
Let b(h) = h**3 + 23*h**2 + h + 16. Determine b(-23).
-7
Let x(j) = 17*j + 65. Determine x(-3).
14
Let w(m) = m**2 - 14*m - 49. Calculate w(24).
191
Let w(r) = 4*r**2 + 12*r + 3. Give w(-6).
75
Let o(i) = -i**3 - 10*i**2 - 6*i + 2. Determine o(-9).
-25
Let y(l) = 4*l + 18. Calculate y(0).
18
Let w(i) = i**3 + 14*i**2 + 28*i + 41. Calculate w(-12).
-7
Let n(j) = 10*j + 295. Calculate n(-30).
-5
Let w(z) = 29*z**2 - 2*z - 1. Calculate w(-1).
30
Let w(x) = -5*x**2 + 58*x - 15. Give w(11).
18
Let n(g) = -12*g**2 + g - 3. Give n(1).
-14
Let f(c) = c**2 - 10*c + 7. Calculate f(6).
-17
Let s(m) = -16*m - 271. Give s(-19).
33
Let a(b) = b**3 + 18*b**2 - 2*b + 1. Determine a(-18).
37
Let v(w) = -w**2 + 4*w + 5. What is v(0)?
5
Let a(y) = y**2 - 4*y - 3. What is a(-1)?
2
Let z(t) = -t**3 + 10*t**2 + 11*t + 5. What is z(11)?
5
Let o(r) = -12*r - 3. Determine o(-2).
21
Let a(u) = 3*u**2 - 56*u - 25. Calculate a(19).
-6
Let o(y) = -4*y**2 + 10*y + 1. Give o(5).
-49
Let i(u) = 2*u + 24. Give i(-8).
8
Let t(b) = b**3 + b**2 - 10*b + 9. Give t(2).
1
Let h(u) = u**3 - 33*u**2 + 2*u - 72. Calculate h(33).
-6
Let m(f) = 3*f**2 + f + 5. Give m(2).
19
Let s(b) = -b**2 - 14*b - 48. Determine s(-8).
0
Let w(h) = -3*h**3 - 8*h**2 - 8*h - 3. Give w(-3).
30
Let a(c) = 20*c + 52. Determine a(-3).
-8
Let u(a) = a**3 + 12*a**2 + 8*a - 14. Give u(-11).
19
Let t(a) = a**2 - 5*a - 2. Determine t(6).
4
Let r(l) = 8*l - 3. Give r(0).
-3
Let g(v) = v**2 - v + 2. Calculate g(2).
4
Let p(f) = -f - 74. Calculate p(0).
-74
Let x(q) = -q**2 - 5*q + 1. Give x(-4).
5
Let g(r) = -13*r - 2. Determine g(-3).
37
Let b(y) = -4*y - 5. What is b(12)?
-53
Let y(h) = -h**3 - 8*h**2 + 10*h + 8. Give y(-9).
-1
Let j(a) = -14*a**2 - 3*a - 3. What is j(-1)?
-14
Let s(m) = -m - 7. Determine s(0).
-7
Let l(n) = -n**2 - 15*n + 8. Give l(-15).
8
Let f(r) = r**2 + 9*r + 8. Determine f(-6).
-10
Let k(u) = -3*u**3 - 4*u**2 + 2*u. What is k(1)?
-5
Let o(w) = 2*w - 4. Calculate o(-2).
-8
Let l(w) = w**2 - 20*w - 6. Give l(20).
-6
Let h(x) = 4*x - 36. What is h(8)?
-4
Let b(s) = -2*s**2 + 48*s - 198. Calculate b(18).
18
Let n(h) = -45*h**3 + h + 2. Determine n(-1).
46
Let c(n) = n**3 - 17*n**2 - 22*n + 56. Give c(18).
-16
Let w(l) = -l**3 + 8*l**2 - l - 9. What is w(8)?
-17
Let j(v) = -25*v**2 + 1. What is j(-1)?
-24
Let o(v) = -2*v + 17. What is o(0)?
17
Let a(f) = -f**2 + 51*f - 238. Calculate a(46).
-8
Let s(t) = t**3 + 16*t**2 - 37*t - 22. Give s(-18).
-4
Let y(g) = -g**3 - 11*g**2 - 10*g - 14. What is y(-10)?
-14
Let v(y) = 4*y**3 + 2*y + 2. Give v(-1).
-4
Let l(y) = y - 13. What is l(10)?
-3
Let v(i) = -11*i + 167. Give v(18).
-31
Let c(z) = 6*z + 1. What is c(1)?
7
Let c(j) = 10*j - 1. Determine c(-3).
-31
Let g(a) = 2*a - 1. Calculate g(-1).
-3
Let w(p) = -5*p - 32. Calculate w(-6).
-2
Let f(s) = 2*s**3 - 13*s**2 + 14*s - 48. What is f(6)?
0
Let v(x) = -3*x - 1. What is v(-7)?
20
Let k(u) = 4*u - 12. Determine k(5).
8
Let z(a) = 2*a**3 + 39*a**2 - 18*a + 39. Give z(-20).
-1
Let s(k) = -4*k + 99. Give s(26).
-5
Let d(v) = 18*v**2 - 413*v - 19. Determine d(23).
4
Let i(f) = 12*f - 78. Give i(6).
-6
Let z(t) = -t**2 + 12*t - 22. Give z(9).
5
Let j(c) = 2*c**2 + 6*c + 2. What is j(-3)?
2
Let a(h) = -h**3 + h**2 - 2*h + 1. Calculate a(3).
-23
Let